{"id":13,"date":"2019-11-15T20:21:33","date_gmt":"2019-11-15T20:21:33","guid":{"rendered":"https:\/\/tartecitron.fr\/?page_id=13"},"modified":"2025-03-31T06:30:45","modified_gmt":"2025-03-31T06:30:45","slug":"recette-tarte-au-citron","status":"publish","type":"page","link":"https:\/\/tartecitron.fr\/","title":{"rendered":"recette tarte au citron"},"content":{"rendered":"<h2 style=\"text-align: center;\">Tarte au citron meringu\u00e9e<\/h2>\n<p>Avec toutes ces recettes de tartes au citron ajout\u00e9es au fil des ann\u00e9es, il \u00e9tait temps de faire une nouvelle page pour r\u00e9sumer, compiler et surtout guider et aider les p\u00e2tinautes \u00e0 choisir la \u00ab meilleure recette de <a href=\"https:\/\/tartecitron.fr\/\">tarte au citron<\/a> \u00bb.<\/p>\n<p>tarte au citron meringu\u00e9e : le r\u00e9capitulatif<\/p>\n<p>Beaucoup de variantes sont possibles mais c&rsquo;est d\u2019abord la qualit\u00e9 des produits qui fait la diff\u00e9rence. De bons \u0153ufs (fermiers, bio, label rouge..), un beurre qui a du go\u00fbt (Bordier, Le Gall, Isigny, Charentes Poitou, &#8230; ) et surtout de beaux citrons, m\u00fbrs, frais et parfum\u00e9s !<br \/>\nEn effet, beaucoup de citrons sont franchement d\u00e9cevants avec peu d&rsquo;ar\u00f4me, beaucoup d&rsquo;amertume dans les zestes et un jus vraiment trop acide qu\u2019il faudra compenser avec plus de sucre : on ne fera rien de vraiment bon avec ceux l\u00e0, quelle que soit la recette. Il faut savoir que la majorit\u00e9 des citrons d\u2019importation sont cueillis verts et m\u00fbris artificiellement (et qu\u2019ils soient \u00ab bio \u00bb ne change rien \u00e0 l\u2019affaire). Les premiers producteurs sont l&rsquo;Inde, le Mexique et l&rsquo;Argentine : \u00e7a fait du chemin pour arriver dans nos assiettes.<br \/>\nUn citron frais est bien ferme, lourd. Privil\u00e9giez absolument les citrons avec les feuilles : Fraicheur et cueillette \u00e0 maturit\u00e9 garanties. J\u2019essaye de choisir les citrons produits le plus localement possible comme les citrons de Corse ou les c\u00e9l\u00e8bres citrons de Menton, si particuliers avec un ziste tr\u00e8s \u00e9pais et un jus l\u00e9g\u00e8rement sucr\u00e9. On trouve aussi des bons citrons feuille qui nous arrivent d\u2019Italie et particuli\u00e8rement de Sicile.<\/p>\n<p>Comme on utilise le zeste, il faut \u00e9galement privil\u00e9gier les citrons bio ou au minimum \u00ab sans traitement apr\u00e8s r\u00e9colte \u00bb et dans tous les cas, bien les brosser sous l\u2019eau pour \u00e9liminer les \u00e9ventuels r\u00e9sidus.<\/p>\n<h3 style=\"text-align: center;\">Recettes tartes aux citrons faciles<\/h3>\n<p><a href=\"https:\/\/tartecitron.fr\/tarte-au-citron\/recette-tarte-au-citron\/tarte-au-citron-meringuee\/\">Tarte au citron meringu\u00e9e<\/a> \u00e0 la fois (tr\u00e8s) bonne et simple \u00e0 r\u00e9aliser.<\/p>\n<p><a href=\"https:\/\/tartecitron.fr\/tarte-au-citron\/recette-tarte-au-citron\/tarte-au-citron-legere\/\">Tarte au citron l\u00e9g\u00e8re<\/a> : une version toujours gourmande et simple \u00e0 r\u00e9aliser mais avec moins de calories.<\/p>\n<p><a href=\"https:\/\/tartecitron.fr\/tarte-au-citron\/recette-tarte-au-citron\/tarte-citron-lait-concentre-sucre\/\">Tarte au citron au lait concentr\u00e9<\/a> : toute en douceur, ultra facile et rapide \u00e0 faire. P\u00e2te sabl\u00e9e reconstitu\u00e9e \u00e0 la fa\u00e7on d\u2019un cheesecake (archi simple). Cette version douce s\u00e9duira celles et ceux qui n\u2019aiment pas le c\u00f4t\u00e9 tr\u00e8s acidul\u00e9 de la tarte au citron classique.<\/p>\n<h3 style=\"text-align: center;\">Recettes Tarte aux citrons plus \u00e9labor\u00e9es<\/h3>\n<p><a href=\"https:\/\/tartecitron.fr\/tarte-au-citron\/recette-tarte-au-citron\/tarte-citron-amande-meringuee\/\" target=\"_blank\" rel=\"noopener noreferrer\">Tarte citron Amande meringu\u00e9e<\/a>\u00a0: Sabl\u00e9e, moelleuse, cr\u00e9meuse, acidul\u00e9e et mousseuse. C\u2019est une des plus \u00e9labor\u00e9es et c\u2019est aussi la plus gourmande de toutes les versions que je propose.<\/p>\n<p><a href=\"https:\/\/tartecitron.fr\/tarte-au-citron\/recette-tarte-au-citron\/tarte-citron-meringue-ti-ponch\/\" target=\"_blank\" rel=\"noopener noreferrer\">Tarte au citron vert meringu\u00e9e fa\u00e7on \u00a0\u00bbti ponch\u00a0\u00bb<\/a> : Tarte aux citrons verts et jaunes, meringue italienne d\u00e9licatement aromatis\u00e9e ti-ponch.<\/p>\n<p><a href=\"https:\/\/tartecitron.fr\/tarte-au-citron\/recette-tarte-au-citron\/tarte-citron-meringuee-miel-romarin\/\" target=\"_blank\" rel=\"noopener noreferrer\">Tarte au citron meringu\u00e9e, miel et romarin<\/a> : Tarte au citron, miel de romarin, romarin frais. Acidul\u00e9e \u00e0 souhaits, le miel et le romarin apportent leur touches aromatiques fleuries sans aucune amertume.<\/p>\n<p><a href=\"https:\/\/tartecitron.fr\/tarte-au-citron\/recette-tarte-au-citron\/tartelettes-au-combava\/\" target=\"_blank\" rel=\"noopener noreferrer\">Tartelettes citron et combava<\/a> : Pour des saveurs exotiques originales et pleines de peps.<\/p>\n<p style=\"text-align: left;\"><a href=\"https:\/\/tartecitron.fr\/tarte-au-citron\/recette-tarte-au-citron\/tarte-au-citron-revisitee-avec-sa-meringue-a-la-noix-de-coco\/\">Tarte au citron meringue noix de coco<\/a> : un peu de fraicheur venue des Iles.<\/p>\n<h3>recette tarte au citron cyril lignac<\/h3>\n<p><a href=\"https:\/\/tartecitron.fr\/tarte-au-citron\/recettes\/tarte-au-citron-cyril-lignac\/\">Tarte au citron Cyril Lignac<\/a> : Notre chef p\u00e2tissier pr\u00e9f\u00e9r\u00e9 nous a concoct\u00e9 une recette de tarte au citron hors norme<\/p>\n<h3>Tarte au citron Par Mercotte<\/h3>\n<p>Voici la recette <a href=\"https:\/\/tartecitron.fr\/tarte-au-citron\/recette-tarte-au-citron\/tarte-au-citron-mercotte\/\">tarte au citron mercotte<\/a> rapide et simple \u00e0 faire, elle s&rsquo;est inspir\u00e9 d&rsquo;une recette datant de 1978.<\/p>\n<h3>Notre S\u00e9lection 750G<\/h3>\n<p>Retrouvez notre s\u00e9lection de <a href=\"https:\/\/tartecitron.fr\/tarte-au-citron\/recette-tarte-au-citron\/tarte-au-citron-750g\/\">tarte citron 750g<\/a>. en effet sur ce site on retrouve au bas mot une centaine fa\u00e7ons de faire et de revisiter ce classique. on vous a mach\u00e9 le travail.<\/p>\n<h2 style=\"text-align: center;\">Pate a Tarte<\/h2>\n<p>Pour une bonne tarte au citron, il faut une bonne p\u00e2te \u00e0 tarte, croustillante et fiable, une cr\u00e8me au citron tr\u00e8s parfum\u00e9e, cr\u00e9meuse et justement sucr\u00e9e, une meringue l\u00e9g\u00e8re qui vient \u00e9quilibrer la tarte.<\/p>\n<p>meringue : Monter des blancs en neige avec du sucre ? Trop simple ? Oui, mais avec la bonne technique et le bon timing.<\/p>\n<h3>Pate bris\u00e9e<\/h3>\n<p>Les plus press\u00e9s ach\u00e8teront une p\u00e2te sabl\u00e9e ou bris\u00e9e \u00ab toute faite \u00bb, mais les r\u00e9sultats seront bien sup\u00e9rieurs en la r\u00e9alisant vous-m\u00eame et vous \u00e9chapperez \u00e0 l\u2019huile de palme, aux additifs et autres conservateurs peu b\u00e9n\u00e9fiques au go\u00fbt et \u00e0 votre sant\u00e9. Donc go pour la <a href=\"https:\/\/tartecitron.fr\/tarte-au-citron\/recette-tarte-au-citron\/recette-pate-brisee\/\">recette pate bris\u00e9e<\/a>?<\/p>\n<h3>Pate Sabl\u00e9e<\/h3>\n<p>P\u00e2te sabl\u00e9e classique : C\u2019est la recette qu\u2019on trouve le plus souvent dans les livres de p\u00e2tisserie. Je propose une version avec un peu de farine de ch\u00e2taignes pour rehausser le go\u00fbt.<\/p>\n<p>P\u00e2te sabl\u00e9e aux amandes : C\u2019est clairement la meilleure : go\u00fbteuse, friable juste comme il faut. Sur cette page, retrouvez tous les d\u00e9tails pour r\u00e9aliser la p\u00e2te sans la p\u00e9trir de trop, pour l\u2019\u00e9taler sans soucis, pour la foncer dans les moules, pour la cuire parfaitement et pour qu\u2019elle conserve son croustillant le plus longtemps possible.<\/p>\n<p>A lire \u00e9galement :<\/p>\n<ul>\n<li>Les recettes de <a href=\"https:\/\/tartecitron.fr\/tarte-au-citron\/creme-au-citron\/\">creme au citron<\/a><\/li>\n<li>Recettes de p\u00e2te bris\u00e9e<\/li>\n<\/ul>\n<p>&nbsp;<\/p>\n","protected":false},"excerpt":{"rendered":"<p>Tarte au citron meringu\u00e9e Avec toutes ces recettes de tartes au citron ajout\u00e9es au fil des ann\u00e9es, il \u00e9tait temps de faire une nouvelle page pour r\u00e9sumer, compiler et surtout guider et aider les p\u00e2tinautes \u00e0 choisir la \u00ab meilleure recette de tarte au citron \u00bb. tarte au citron meringu\u00e9e &hellip; <\/p>\n","protected":false},"author":1,"featured_media":0,"parent":5,"menu_order":0,"comment_status":"closed","ping_status":"open","template":"","meta":{"footnotes":""},"class_list":["post-13","page","type-page","status-publish","hentry"],"yoast_head":"<!-- This site is optimized with the Yoast SEO plugin v27.4 - https:\/\/yoast.com\/product\/yoast-seo-wordpress\/ -->\n<title>recette tarte au citron - Tarte au Citron<\/title>\n<meta name=\"robots\" content=\"index, follow, max-snippet:-1, max-image-preview:large, max-video-preview:-1\" \/>\n<link rel=\"canonical\" href=\"https:\/\/tartecitron.fr\/\" \/>\n<meta property=\"og:locale\" content=\"fr_FR\" \/>\n<meta property=\"og:type\" content=\"article\" \/>\n<meta property=\"og:title\" content=\"recette tarte au citron - Tarte au Citron\" \/>\n<meta property=\"og:description\" content=\"Tarte au citron meringu\u00e9e Avec toutes ces recettes de tartes au citron ajout\u00e9es au fil des ann\u00e9es, il \u00e9tait temps de faire une nouvelle page pour r\u00e9sumer, compiler et surtout guider et aider les p\u00e2tinautes \u00e0 choisir la \u00ab meilleure recette de tarte au citron \u00bb. tarte au citron meringu\u00e9e &hellip;\" \/>\n<meta property=\"og:url\" content=\"https:\/\/tartecitron.fr\/\" \/>\n<meta property=\"og:site_name\" content=\"Tarte au Citron\" \/>\n<meta property=\"article:modified_time\" content=\"2025-03-31T06:30:45+00:00\" \/>\n<meta name=\"twitter:card\" content=\"summary_large_image\" \/>\n<meta name=\"twitter:label1\" content=\"Dur\u00e9e de lecture estim\u00e9e\" \/>\n\t<meta name=\"twitter:data1\" content=\"4 minutes\" \/>\n<script type=\"application\/ld+json\" class=\"yoast-schema-graph\">{\"@context\":\"https:\\\/\\\/schema.org\",\"@graph\":[{\"@type\":\"WebPage\",\"@id\":\"https:\\\/\\\/tartecitron.fr\\\/\",\"url\":\"https:\\\/\\\/tartecitron.fr\\\/\",\"name\":\"recette tarte au citron - Tarte au Citron\",\"isPartOf\":{\"@id\":\"https:\\\/\\\/tartecitron.fr\\\/#website\"},\"datePublished\":\"2019-11-15T20:21:33+00:00\",\"dateModified\":\"2025-03-31T06:30:45+00:00\",\"breadcrumb\":{\"@id\":\"https:\\\/\\\/tartecitron.fr\\\/#breadcrumb\"},\"inLanguage\":\"fr-FR\",\"potentialAction\":[{\"@type\":\"ReadAction\",\"target\":[\"https:\\\/\\\/tartecitron.fr\\\/\"]}]},{\"@type\":\"BreadcrumbList\",\"@id\":\"https:\\\/\\\/tartecitron.fr\\\/#breadcrumb\",\"itemListElement\":[{\"@type\":\"ListItem\",\"position\":1,\"name\":\"Accueil\",\"item\":\"https:\\\/\\\/tartecitron.fr\\\/\"},{\"@type\":\"ListItem\",\"position\":2,\"name\":\"Tarte au Citron\",\"item\":\"https:\\\/\\\/tartecitron.fr\\\/?page_id=5\"},{\"@type\":\"ListItem\",\"position\":3,\"name\":\"recette tarte au citron\"}]},{\"@type\":\"WebSite\",\"@id\":\"https:\\\/\\\/tartecitron.fr\\\/#website\",\"url\":\"https:\\\/\\\/tartecitron.fr\\\/\",\"name\":\"Tarte au Citron\",\"description\":\"Blog Citronn\u00e9e\",\"potentialAction\":[{\"@type\":\"SearchAction\",\"target\":{\"@type\":\"EntryPoint\",\"urlTemplate\":\"https:\\\/\\\/tartecitron.fr\\\/?s={search_term_string}\"},\"query-input\":{\"@type\":\"PropertyValueSpecification\",\"valueRequired\":true,\"valueName\":\"search_term_string\"}}],\"inLanguage\":\"fr-FR\"}]}<\/script>\n<!-- \/ Yoast SEO plugin. -->","yoast_head_json":{"title":"recette tarte au citron - Tarte au Citron","robots":{"index":"index","follow":"follow","max-snippet":"max-snippet:-1","max-image-preview":"max-image-preview:large","max-video-preview":"max-video-preview:-1"},"canonical":"https:\/\/tartecitron.fr\/","og_locale":"fr_FR","og_type":"article","og_title":"recette tarte au citron - Tarte au Citron","og_description":"Tarte au citron meringu\u00e9e Avec toutes ces recettes de tartes au citron ajout\u00e9es au fil des ann\u00e9es, il \u00e9tait temps de faire une nouvelle page pour r\u00e9sumer, compiler et surtout guider et aider les p\u00e2tinautes \u00e0 choisir la \u00ab meilleure recette de tarte au citron \u00bb. tarte au citron meringu\u00e9e &hellip;","og_url":"https:\/\/tartecitron.fr\/","og_site_name":"Tarte au Citron","article_modified_time":"2025-03-31T06:30:45+00:00","twitter_card":"summary_large_image","twitter_misc":{"Dur\u00e9e de lecture estim\u00e9e":"4 minutes"},"schema":{"@context":"https:\/\/schema.org","@graph":[{"@type":"WebPage","@id":"https:\/\/tartecitron.fr\/","url":"https:\/\/tartecitron.fr\/","name":"recette tarte au citron - Tarte au Citron","isPartOf":{"@id":"https:\/\/tartecitron.fr\/#website"},"datePublished":"2019-11-15T20:21:33+00:00","dateModified":"2025-03-31T06:30:45+00:00","breadcrumb":{"@id":"https:\/\/tartecitron.fr\/#breadcrumb"},"inLanguage":"fr-FR","potentialAction":[{"@type":"ReadAction","target":["https:\/\/tartecitron.fr\/"]}]},{"@type":"BreadcrumbList","@id":"https:\/\/tartecitron.fr\/#breadcrumb","itemListElement":[{"@type":"ListItem","position":1,"name":"Accueil","item":"https:\/\/tartecitron.fr\/"},{"@type":"ListItem","position":2,"name":"Tarte au Citron","item":"https:\/\/tartecitron.fr\/?page_id=5"},{"@type":"ListItem","position":3,"name":"recette tarte au citron"}]},{"@type":"WebSite","@id":"https:\/\/tartecitron.fr\/#website","url":"https:\/\/tartecitron.fr\/","name":"Tarte au Citron","description":"Blog Citronn\u00e9e","potentialAction":[{"@type":"SearchAction","target":{"@type":"EntryPoint","urlTemplate":"https:\/\/tartecitron.fr\/?s={search_term_string}"},"query-input":{"@type":"PropertyValueSpecification","valueRequired":true,"valueName":"search_term_string"}}],"inLanguage":"fr-FR"}]}},"_links":{"self":[{"href":"https:\/\/tartecitron.fr\/index.php?rest_route=\/wp\/v2\/pages\/13","targetHints":{"allow":["GET"]}}],"collection":[{"href":"https:\/\/tartecitron.fr\/index.php?rest_route=\/wp\/v2\/pages"}],"about":[{"href":"https:\/\/tartecitron.fr\/index.php?rest_route=\/wp\/v2\/types\/page"}],"author":[{"embeddable":true,"href":"https:\/\/tartecitron.fr\/index.php?rest_route=\/wp\/v2\/users\/1"}],"replies":[{"embeddable":true,"href":"https:\/\/tartecitron.fr\/index.php?rest_route=%2Fwp%2Fv2%2Fcomments&post=13"}],"version-history":[{"count":24,"href":"https:\/\/tartecitron.fr\/index.php?rest_route=\/wp\/v2\/pages\/13\/revisions"}],"predecessor-version":[{"id":15667,"href":"https:\/\/tartecitron.fr\/index.php?rest_route=\/wp\/v2\/pages\/13\/revisions\/15667"}],"up":[{"embeddable":true,"href":"https:\/\/tartecitron.fr\/index.php?rest_route=\/wp\/v2\/pages\/5"}],"wp:attachment":[{"href":"https:\/\/tartecitron.fr\/index.php?rest_route=%2Fwp%2Fv2%2Fmedia&parent=13"}],"curies":[{"name":"wp","href":"https:\/\/api.w.org\/{rel}","templated":true}]}}