{"id":55,"date":"2019-11-15T22:33:58","date_gmt":"2019-11-15T22:33:58","guid":{"rendered":"https:\/\/tartecitron.fr\/?page_id=55"},"modified":"2020-03-30T16:04:28","modified_gmt":"2020-03-30T16:04:28","slug":"tarte-citron-meringue-ti-ponch","status":"publish","type":"page","link":"https:\/\/tartecitron.fr\/?page_id=55","title":{"rendered":"tarte au citron meringue Ti-ponch"},"content":{"rendered":"<h2 style=\"text-align: center;\">Tarte aux citrons jaune et vert, meringue italienne ti-ponch<\/h2>\n<p>Sur les conseils d\u2019une amie p\u00e2tissi\u00e8re, j\u2019avais d\u00e9j\u00e0 essay\u00e9 la <a href=\"https:\/\/tartecitron.fr\/tarte-au-citron\/recette-tarte-au-citron\/\">recette tarte au citron<\/a> napp\u00e9e d\u2019une meringue italienne aromatis\u00e9e avec un jus de citron. Le conseil \u00e9tait ind\u00e9niablement bon. J\u2019ai repris cette id\u00e9e, mais avec du citron vert et une petite touche de rhum, fa\u00e7on ti-ponch. Et c\u2019est ainsi qu\u2019est n\u00e9e cette recette de tarte au citron jaune et citron vert avec une meringue italienne au d\u00e9licat parfum des \u00eeles.<\/p>\n<p>tarte au citron meringue Ti-ponch<\/p>\n<p>Ingr\u00e9dients pour 6 \u00e0 8 gourmands<\/p>\n<p>La p\u00e2te sabl\u00e9e amandes :<br \/>\n120g de beurre<br \/>\n2g de sel<br \/>\n80g de sucre glace<br \/>\n40g de poudre d\u2019amande<br \/>\nLe zeste d&rsquo;un citron (si vous voulez)<br \/>\n1 \u0153uf<br \/>\n60g de farine tamis\u00e9e T55 (ou farine de ch\u00e2taignes)<br \/>\n180g de Farine tamis\u00e9e T45<br \/>\nLa cr\u00e8me au citron :<br \/>\n100 g de jus de citron (2 citrons verts et 1 citron jaune environ)<br \/>\nZestes de 2 citrons (1 jaune et un vert)<br \/>\n70g de sucre<br \/>\n80g de beurre mou<br \/>\n3 jaune d&rsquo;\u0153ufs<br \/>\n1g de g\u00e9latine (1\/2 feuille)<br \/>\nLa meringue italienne fa\u00e7on ti-ponch:<br \/>\n2 blancs d\u2019\u0153uf<br \/>\n40 g de jus de citron vert (1 \u00e0 2 citrons verts)<br \/>\n100 g de sucre<br \/>\n1 cuill\u00e8re \u00e0 soupe de rhum. J\u2019ai utilis\u00e9 du rhum combava pour cette recette (voir plus bas).<\/p>\n<p>La cr\u00e8me aux citrons verts et jaunes<br \/>\nA faire de pr\u00e9f\u00e9rence la veille. Cette recette est d\u00e9taill\u00e9e sur cette page mais des proportions l\u00e9g\u00e8rement diff\u00e9rentes.<br \/>\nMettez la g\u00e9latine \u00e0 tremper dans un bol d\u2019eau froide pendant 15 minutes.<\/p>\n<p>Malaxez \/ \u00e9crasez le sucre en poudre et les zestes r\u00e2p\u00e9s pour bien extraire les ar\u00f4mes. Ajoutez le jus des citrons et les jaunes d\u2019\u0153uf. Faites chauffer en remuant constamment jusqu\u2019\u00e0 84\u00b0C (cuisson \u00ab \u00e0 la nappe \u00bb) comme une cr\u00e8me anglaise. Passez la cr\u00e8me au chinois et transvasez la imm\u00e9diatement dans un r\u00e9cipient \u00e9troit et haut. Incorporez la g\u00e9latine essor\u00e9e et m\u00e9langez.<br \/>\nUne fois que la cr\u00e8me atteint 45\u00b0C, ajoutez progressivement le beurre pommade en mixant longuement avec un mixer plongeant.<br \/>\nFilmez au contact et r\u00e9servez au frais.<\/p>\n<p>P\u00e2te sabl\u00e9e amandes<br \/>\nA faire de pr\u00e9f\u00e9rence la veille. Tous les details de cette p\u00e2te ici.<br \/>\nTravaillez le beurre pommade, le sel, le sucre, la poudre d\u2019amandes, l\u2019\u0153uf et la farine tamis\u00e9e T55 ou la farine de ch\u00e2taignes si vous en avez (cela apporte un petit go\u00fbt biscuit\u00e9 bien agr\u00e9able.)<br \/>\nAjoutez en une seule fois la farine T45 tamis\u00e9e en travaillant le moins possible la p\u00e2te.<br \/>\nEtalez la p\u00e2te entre 2 feuilles de ce que vous voulez (feuilles plastique \u00ab papier guitare \u00bb, papier sulfuris\u00e9, tapis silicon\u00e9&#8230;) et r\u00e9servez au frais minimum 30 minutes pour la rendre manipulable.<br \/>\nFoncez la tarte dans le moule pr\u00e9alablement beurr\u00e9.<br \/>\nR\u00e9servez au frais au moins une heure avant de cuire (24H max \u00e0 cause du jaune d\u2019\u0153uf cru).<\/p>\n<p>Cuisson \u00e0 blanc<br \/>\nLe jour m\u00eame&#8230;<br \/>\nPiquez le fond et enfournez la tarte 15 \u00e0 20 minutes \u00e0 150\u00b0C. Elle est cuite quand elle a un belle couleur ambr\u00e9e.<br \/>\nNB : Je ne mets plus de poids sur la p\u00e2te pour les cuissons \u00e0 blanc. Cela garantit une cuisson uniforme de la p\u00e2te. Je me contente de jeter un \u0153il au bout de 5 minutes et de planter un petit couteau dans la p\u00e2te si elle se soul\u00e8ve.<\/p>\n<p>Meringue italienne fa\u00e7on Ti ponch<br \/>\nLe jour m\u00eame&#8230;<br \/>\nMettez le jus de citron vert puis le sucre dans une casserole et chauffez. Le sirop sera utilis\u00e9 \u00e0 la temp\u00e9rature de 118\u00b0C.<br \/>\nPendant que le sirop cuit, montez les blancs en neige \u00e0 vitesse faible-moyenne pour qu\u2019ils soient mousseux mais pas totalement fermes.<br \/>\nLe but est de synchroniser la mont\u00e9e des blancs et la temp\u00e9rature du sirop en jouant sur la puissance de chauffe de la casserole. On n\u2019arr\u00eate jamais de battre les blancs.<br \/>\nVersez le sirop \u00e0 118\u00b0C en filet puis la cuill\u00e8re \u00e0 soupe de rhum tout en continuant \u00e0 battre les blancs. Petite astuce : versez le sirop sur le bord de votre cul de poule pour \u00e9viter que le sucre ne cristallise sur le fouet du batteur.<br \/>\nAcc\u00e9l\u00e9rez la vitesse du batteur et continuez \u00e0 fouettez jusqu\u2019au refroidissement (5 \u00e0 10 minutes).<br \/>\nCette meringue \u00e0 l\u2019italienne, super onctueuse, a un go\u00fbt acidul\u00e9 et un parfum tr\u00e8s d\u00e9licat r\u00e9hauss\u00e9 par le pointe de rhum. Plus d&rsquo;infos sur la meringue ici.<\/p>\n<p>Montage de la tarte<br \/>\nLe jour m\u00eame, nappez le fond de tarte de tarte cuit avec la cr\u00e8me au citron et dressez la meringue au dessus. Pour cette version, j\u2019ai utilis\u00e9 une poche \u00e0 douille lisse de 14 pour former ces petits d\u00f4mes.<br \/>\nBrunissez la meringue en la passant au chalumeau ou sous le grill de votre four (1 \u00e0 2 minutes max : soyez vigilants pour ne pas la br\u00fbler).<br \/>\nR\u00e9servez la tarte au frais.<br \/>\nCette tarte se mange froide mais sortez la du r\u00e9frig\u00e9rateur 1\/2 heure avant de la d\u00e9guster.<\/p>\n<p>tarte au citron meringue Ti-ponch<\/p>\n<p>R\u00e9galez vous !<br \/>\nXavier \ud83d\ude42<\/p>\n<p>Rhum combava<br \/>\n1 litre de rhum agricole<br \/>\n2 combavas (non trait\u00e9s)<br \/>\n1 gousse de vanille<\/p>\n<p>R\u00e2pez le zeste des combavas, coupez la gousse de vanille en deux et mettez \u00e0 mac\u00e9rer avec 1 litre de rhum agricole pendant 3 mois. Filtrez.<br \/>\nN\u2019utilisez pas la chair ou la partie blanche du combava qui sont tr\u00e8s amer.<\/p>\n<p>Utilisations possibles (bien frais et avec mod\u00e9ration !) :<br \/>\n&#8211; Ti\u2019Ponch : Jus de citron vert, sucre roux (ou sirop de sucre de canne), Rhum combava<br \/>\n&#8211; Mojito : Perrier, Rhum combava, sirop de sucre de canne, menthe fraiche.<\/p>\n","protected":false},"excerpt":{"rendered":"<p>Tarte aux citrons jaune et vert, meringue italienne ti-ponch Sur les conseils d\u2019une amie p\u00e2tissi\u00e8re, j\u2019avais d\u00e9j\u00e0 essay\u00e9 la recette tarte au citron napp\u00e9e d\u2019une meringue italienne aromatis\u00e9e avec un jus de citron. Le conseil \u00e9tait ind\u00e9niablement bon. J\u2019ai repris cette id\u00e9e, mais avec du citron vert et une petite &hellip; <\/p>\n","protected":false},"author":1,"featured_media":0,"parent":13,"menu_order":0,"comment_status":"closed","ping_status":"closed","template":"","meta":{"footnotes":""},"class_list":["post-55","page","type-page","status-publish","hentry"],"yoast_head":"<!-- This site is optimized with the Yoast SEO plugin v27.4 - https:\/\/yoast.com\/product\/yoast-seo-wordpress\/ -->\n<title>tarte au citron meringue Ti-ponch - Tarte au Citron<\/title>\n<meta name=\"robots\" content=\"index, follow, max-snippet:-1, max-image-preview:large, max-video-preview:-1\" \/>\n<link rel=\"canonical\" href=\"https:\/\/tartecitron.fr\/?page_id=55\" \/>\n<meta property=\"og:locale\" content=\"fr_FR\" \/>\n<meta property=\"og:type\" content=\"article\" \/>\n<meta property=\"og:title\" content=\"tarte au citron meringue Ti-ponch - Tarte au Citron\" \/>\n<meta property=\"og:description\" content=\"Tarte aux citrons jaune et vert, meringue italienne ti-ponch Sur les conseils d\u2019une amie p\u00e2tissi\u00e8re, j\u2019avais d\u00e9j\u00e0 essay\u00e9 la recette tarte au citron napp\u00e9e d\u2019une meringue italienne aromatis\u00e9e avec un jus de citron. Le conseil \u00e9tait ind\u00e9niablement bon. J\u2019ai repris cette id\u00e9e, mais avec du citron vert et une petite &hellip;\" \/>\n<meta property=\"og:url\" content=\"https:\/\/tartecitron.fr\/?page_id=55\" \/>\n<meta property=\"og:site_name\" content=\"Tarte au Citron\" \/>\n<meta property=\"article:modified_time\" content=\"2020-03-30T16:04:28+00:00\" \/>\n<meta name=\"twitter:card\" content=\"summary_large_image\" \/>\n<meta name=\"twitter:label1\" content=\"Dur\u00e9e de lecture estim\u00e9e\" \/>\n\t<meta name=\"twitter:data1\" content=\"5 minutes\" \/>\n<script type=\"application\/ld+json\" class=\"yoast-schema-graph\">{\"@context\":\"https:\\\/\\\/schema.org\",\"@graph\":[{\"@type\":\"WebPage\",\"@id\":\"https:\\\/\\\/tartecitron.fr\\\/?page_id=55\",\"url\":\"https:\\\/\\\/tartecitron.fr\\\/?page_id=55\",\"name\":\"tarte au citron meringue Ti-ponch - Tarte au Citron\",\"isPartOf\":{\"@id\":\"https:\\\/\\\/tartecitron.fr\\\/#website\"},\"datePublished\":\"2019-11-15T22:33:58+00:00\",\"dateModified\":\"2020-03-30T16:04:28+00:00\",\"breadcrumb\":{\"@id\":\"https:\\\/\\\/tartecitron.fr\\\/?page_id=55#breadcrumb\"},\"inLanguage\":\"fr-FR\",\"potentialAction\":[{\"@type\":\"ReadAction\",\"target\":[\"https:\\\/\\\/tartecitron.fr\\\/?page_id=55\"]}]},{\"@type\":\"BreadcrumbList\",\"@id\":\"https:\\\/\\\/tartecitron.fr\\\/?page_id=55#breadcrumb\",\"itemListElement\":[{\"@type\":\"ListItem\",\"position\":1,\"name\":\"Accueil\",\"item\":\"https:\\\/\\\/tartecitron.fr\\\/\"},{\"@type\":\"ListItem\",\"position\":2,\"name\":\"Tarte au Citron\",\"item\":\"https:\\\/\\\/tartecitron.fr\\\/?page_id=5\"},{\"@type\":\"ListItem\",\"position\":3,\"name\":\"recette tarte au citron\",\"item\":\"https:\\\/\\\/tartecitron.fr\\\/\"},{\"@type\":\"ListItem\",\"position\":4,\"name\":\"tarte au citron meringue Ti-ponch\"}]},{\"@type\":\"WebSite\",\"@id\":\"https:\\\/\\\/tartecitron.fr\\\/#website\",\"url\":\"https:\\\/\\\/tartecitron.fr\\\/\",\"name\":\"Tarte au Citron\",\"description\":\"Blog Citronn\u00e9e\",\"potentialAction\":[{\"@type\":\"SearchAction\",\"target\":{\"@type\":\"EntryPoint\",\"urlTemplate\":\"https:\\\/\\\/tartecitron.fr\\\/?s={search_term_string}\"},\"query-input\":{\"@type\":\"PropertyValueSpecification\",\"valueRequired\":true,\"valueName\":\"search_term_string\"}}],\"inLanguage\":\"fr-FR\"}]}<\/script>\n<!-- \/ Yoast SEO plugin. -->","yoast_head_json":{"title":"tarte au citron meringue Ti-ponch - Tarte au Citron","robots":{"index":"index","follow":"follow","max-snippet":"max-snippet:-1","max-image-preview":"max-image-preview:large","max-video-preview":"max-video-preview:-1"},"canonical":"https:\/\/tartecitron.fr\/?page_id=55","og_locale":"fr_FR","og_type":"article","og_title":"tarte au citron meringue Ti-ponch - Tarte au Citron","og_description":"Tarte aux citrons jaune et vert, meringue italienne ti-ponch Sur les conseils d\u2019une amie p\u00e2tissi\u00e8re, j\u2019avais d\u00e9j\u00e0 essay\u00e9 la recette tarte au citron napp\u00e9e d\u2019une meringue italienne aromatis\u00e9e avec un jus de citron. Le conseil \u00e9tait ind\u00e9niablement bon. J\u2019ai repris cette id\u00e9e, mais avec du citron vert et une petite &hellip;","og_url":"https:\/\/tartecitron.fr\/?page_id=55","og_site_name":"Tarte au Citron","article_modified_time":"2020-03-30T16:04:28+00:00","twitter_card":"summary_large_image","twitter_misc":{"Dur\u00e9e de lecture estim\u00e9e":"5 minutes"},"schema":{"@context":"https:\/\/schema.org","@graph":[{"@type":"WebPage","@id":"https:\/\/tartecitron.fr\/?page_id=55","url":"https:\/\/tartecitron.fr\/?page_id=55","name":"tarte au citron meringue Ti-ponch - Tarte au Citron","isPartOf":{"@id":"https:\/\/tartecitron.fr\/#website"},"datePublished":"2019-11-15T22:33:58+00:00","dateModified":"2020-03-30T16:04:28+00:00","breadcrumb":{"@id":"https:\/\/tartecitron.fr\/?page_id=55#breadcrumb"},"inLanguage":"fr-FR","potentialAction":[{"@type":"ReadAction","target":["https:\/\/tartecitron.fr\/?page_id=55"]}]},{"@type":"BreadcrumbList","@id":"https:\/\/tartecitron.fr\/?page_id=55#breadcrumb","itemListElement":[{"@type":"ListItem","position":1,"name":"Accueil","item":"https:\/\/tartecitron.fr\/"},{"@type":"ListItem","position":2,"name":"Tarte au Citron","item":"https:\/\/tartecitron.fr\/?page_id=5"},{"@type":"ListItem","position":3,"name":"recette tarte au citron","item":"https:\/\/tartecitron.fr\/"},{"@type":"ListItem","position":4,"name":"tarte au citron meringue Ti-ponch"}]},{"@type":"WebSite","@id":"https:\/\/tartecitron.fr\/#website","url":"https:\/\/tartecitron.fr\/","name":"Tarte au Citron","description":"Blog Citronn\u00e9e","potentialAction":[{"@type":"SearchAction","target":{"@type":"EntryPoint","urlTemplate":"https:\/\/tartecitron.fr\/?s={search_term_string}"},"query-input":{"@type":"PropertyValueSpecification","valueRequired":true,"valueName":"search_term_string"}}],"inLanguage":"fr-FR"}]}},"_links":{"self":[{"href":"https:\/\/tartecitron.fr\/index.php?rest_route=\/wp\/v2\/pages\/55","targetHints":{"allow":["GET"]}}],"collection":[{"href":"https:\/\/tartecitron.fr\/index.php?rest_route=\/wp\/v2\/pages"}],"about":[{"href":"https:\/\/tartecitron.fr\/index.php?rest_route=\/wp\/v2\/types\/page"}],"author":[{"embeddable":true,"href":"https:\/\/tartecitron.fr\/index.php?rest_route=\/wp\/v2\/users\/1"}],"replies":[{"embeddable":true,"href":"https:\/\/tartecitron.fr\/index.php?rest_route=%2Fwp%2Fv2%2Fcomments&post=55"}],"version-history":[{"count":3,"href":"https:\/\/tartecitron.fr\/index.php?rest_route=\/wp\/v2\/pages\/55\/revisions"}],"predecessor-version":[{"id":111,"href":"https:\/\/tartecitron.fr\/index.php?rest_route=\/wp\/v2\/pages\/55\/revisions\/111"}],"up":[{"embeddable":true,"href":"https:\/\/tartecitron.fr\/index.php?rest_route=\/wp\/v2\/pages\/13"}],"wp:attachment":[{"href":"https:\/\/tartecitron.fr\/index.php?rest_route=%2Fwp%2Fv2%2Fmedia&parent=55"}],"curies":[{"name":"wp","href":"https:\/\/api.w.org\/{rel}","templated":true}]}}